divisor of 17 and 12053?
17
What is the highest common divisor of 518 and 126?
14
Calculate the greatest common divisor of 10 and 190.
10
Calculate the highest common factor of 16 and 92.
4
What is the highest common factor of 126 and 72?
18
Calculate the greatest common factor of 330 and 88.
22
What is the highest common divisor of 5 and 27?
1
What is the greatest common factor of 1828 and 8?
4
What is the greatest common divisor of 9657 and 1044?
261
What is the highest common factor of 255 and 1125?
15
What is the highest common divisor of 294 and 6?
6
What is the greatest common divisor of 170 and 20?
10
Calculate the highest common divisor of 189 and 243.
27
Calculate the greatest common factor of 10 and 590.
10
Calculate the highest common factor of 123 and 697.
41
What is the greatest common factor of 18800 and 141?
47
Calculate the greatest common divisor of 185 and 5.
5
Calculate the highest common factor of 5275 and 25.
25
Calculate the highest common factor of 10 and 25.
5
Calculate the highest common factor of 629 and 17.
17
What is the highest common factor of 279 and 18?
9
What is the greatest common divisor of 8 and 842?
2
Calculate the highest common factor of 430 and 5762.
86
What is the highest common divisor of 2904 and 72?
24
Calculate the highest common factor of 21 and 357.
21
What is the greatest common factor of 6 and 1476?
6
What is the highest common divisor of 57 and 513?
57
What is the highest common divisor of 2050 and 1000?
50
Calculate the highest common factor of 8 and 36.
4
What is the greatest common factor of 66 and 114?
6
Calculate the highest common divisor of 225 and 13050.
225
Calculate the highest common factor of 390 and 20.
10
Calculate the greatest common divisor of 27 and 46323.
9
Calculate the highest common factor of 51 and 15.
3
What is the greatest common divisor of 100 and 4175?
25
What is the highest common factor of 545 and 2071?
109
What is the highest common divisor of 276 and 24?
12
Calculate the greatest common factor of 1476 and 1066.
82
Calculate the highest common divisor of 726 and 24.
6
Calculate the greatest common divisor of 56 and 344.
8
Calculate the highest common factor of 285 and 456.
57
What is the highest common factor of 2303 and 49?
49
Calculate the highest common factor of 400 and 60.
20
Calculate the highest common factor of 10107 and 18.
9
Calculate the greatest common factor of 365 and 15.
5
What is the greatest common factor of 1025 and 3239?
41
What is the highest common divisor of 352 and 440?
88
Calculate the highest common factor of 17287 and 1172.
293
What is the greatest common divisor of 159 and 43248?
159
Calculate the highest common factor of 3679 and 1981.
283
Calculate the greatest common divisor of 66 and 10329.
33
What is the highest common divisor of 304 and 19?
19
Calculate the highest common divisor of 16 and 1432.
8
What is the greatest common factor of 14 and 20419?
7
What is the greatest common factor of 1900 and 988?
76
What is the greatest common factor of 10 and 2140?
10
What is the greatest common divisor of 304 and 228?
76
Calculate the greatest common factor of 165 and 30.
15
Calculate the greatest common factor of 708 and 24.
12
Calculate the greatest common divisor of 30 and 920.
10
Calculate the greatest common factor of 17766 and 9.
9
What is the highest common divisor of 117 and 8463?
39
What is the greatest common divisor of 44 and 9284?
44
What is the highest common factor of 45 and 477?
9
Calculate the greatest common divisor of 59 and 767.
59
Calculate the greatest common divisor of 186 and 2697.
93
Calculate the highest common factor of 37158 and 198.
66
Calculate the highest common factor of 11 and 9966.
11
What is the highest common factor of 2349 and 2175?
87
What is the greatest common divisor of 12 and 6828?
12
What is the greatest common factor of 300 and 675?
75
Calculate the greatest common divisor of 64 and 12608.
64
What is the greatest common divisor of 228 and 24?
12
Calculate the greatest common factor of 51 and 8823.
51
What is the greatest common factor of 120 and 150?
30
What is the highest common divisor of 7 and 1351?
7
What is the greatest common divisor of 13660 and 10?
10
What is the highest common factor of 17 and 17?
17
What is the greatest common factor of 595 and 14?
7
What is the highest common divisor of 2 and 34?
2
Calculate the highest common factor of 2424 and 48.
24
What is the highest common divisor of 507 and 3?
3
Calculate the highest common divisor of 1548 and 324.
36
What is the highest common factor of 300 and 80?
20
What is the highest common factor of 385 and 55?
55
What is the greatest common divisor of 105 and 119?
7
What is the greatest common factor of 1744 and 16?
16
What is the highest common divisor of 364 and 8?
4
What is the highest common divisor of 166 and 1577?
83
Calculate the highest common divisor of 62 and 496.
62
Calculate the greatest common factor of 21 and 287.
7
Calculate the greatest common factor of 56 and 98.
14
Calculate the highest common factor of 205 and 574.
41
What is the greatest common divisor of 30 and 1074?
6
Calculate the highest common factor of 663 and 39.
39
Calculate the highest common factor of 18 and 5598.
18
Calculate the greatest common factor of 19 and 5491.
19
Calculate the highest common divisor of 15 and 75.
15
Calculate the highest common factor of 10244 and 52.
52
Calculate the highest common divisor of 30 and 350.
10
Calculate the greatest common divisor of 4559 and 291.
97
Calculate the greatest common divisor of 1 and 73.
1
Calculate the greatest common factor of 235 and 70.
5
Calculate the greatest common divisor of 62 and 10726.
62
What is the greatest common divisor of 48 and 1176?
24
What is the highest common divisor of 675 and 3294?
27
Calculate the greatest common divisor of 231 and 42.
21
Calculate the greatest common factor of 91 and 169.
13
Calculate the greatest common factor of 105 and 60.
15
What is the greatest common factor of 532 and 840?
28
Calculate the greatest common divisor of 23 and 14513.
23
Calculate the greatest common divisor of 336 and 16.
16
Calculate the highest common factor of 1173 and 153.
51
Calculate the greatest common divisor of 190 and 285.
95
What is the highest common factor of 15 and 19?
1
What is the greatest common factor of 168 and 546?
42
Calculate the greatest common factor of 1848 and 336.
168
What is the highest common factor of 708 and 39?
3
Calculate the highest common divisor of 4 and 92.
4
Calculate the greatest common factor of 858 and 156.
78
Calculate the highest common divisor of 117 and 4635.
9
What is the greatest common divisor of 1 and 89?
1
What is the greatest common factor of 15 and 1095?
15
What is the greatest common factor of 27 and 6291?
27
Calculate the greatest common factor of 3 and 1191.
3
What is the greatest common divisor of 1128 and 168?
24
What is the greatest common factor of 6 and 44?
2
Calculate the highest common divisor of 76 and 1919.
19
Calculate the greatest common factor of 24 and 414.
6
What is the highest common factor of 88 and 3652?
44
Calculate the greatest common divisor of 1131 and 174.
87
What is the highest common factor of 27 and 45?
9
What is the highest common factor of 1859 and 22?
11
What is the greatest common divisor of 256 and 4544?
64
Calculate the greatest common divisor of 10 and 862.
2
Calculate the highest common divisor of 775 and 125.
25
Calculate the highest common factor of 7625 and 1220.
305
Calculate the greatest common divisor of 11178 and 23.
23
What is the greatest common factor of 20 and 2910?
10
Calculate the greatest common divisor of 135 and 5.
5
Calculate the greatest common factor of 2796 and 12.
12
What is the greatest common factor of 10865 and 15?
5
What is the highest common factor of 96 and 752?
16
Calculate the greatest common divisor of 348 and 3248.
116
Calculate the highest common factor of 85 and 895.
5
Calculate the greatest common factor of 108 and 36.
36
Calculate the greatest common factor of 175 and 425.
25
Calculate the highest common divisor of 1909 and 69.
23
What is the highest common divisor of 4008 and 40?
8
Calculate the greatest common divisor of 108 and 192.
12
What is the greatest common factor of